rt 174520a (base 11) to base 15.
3d850e
-1133140020 (base 5) to base 15
-36e6aa
Convert -9c28b (base 15) to base 2.
-1111001010001000010
-112862 (base 10) to base 7
-650021
53454b (base 13) to base 10
1951844
-502001 (base 9) to base 16
-48700
6264a (base 12) to base 10
128794
2bec2b (base 15) to base 7
24032063
Convert -3307096 (base 11) to base 5.
-2441313013
What is -43388 (base 10) in base 7?
-240332
What is 95c8 (base 16) in base 11?
26899
What is 506793 (base 10) in base 15?
a0263
57a7a (base 12) to base 6
2303034
15133112 (base 7) to base 4
11132303111
What is -10081 (base 10) in base 13?
-4786
Convert 657093 (base 10) to base 2.
10100000011011000101
Convert -563770 (base 10) to base 4.
-2021220322
6c82c (base 14) to base 13
93831
Convert -13151006 (base 7) to base 9.
-2236752
2a6826 (base 12) to base 13
1c1211
What is -6656266 (base 7) in base 11?
-510874
555774 (base 11) to base 15
1277e8
-3847410 (base 9) to base 6
-112550443
34a502 (base 11) to base 3
1001020012001
What is 1032212121 (base 4) in base 5?
40300240
Convert 483843 (base 9) to base 3.
112210221110
Convert 14331 (base 16) to base 11.
57186
Convert 150108 (base 9) to base 15.
1c398
Convert 385ced (base 16) to base 7.
43253053
Convert 6a5393 (base 14) to base 12.
126a145
What is -39a1b (base 12) in base 6?
-1410435
Convert -8435c (base 15) to base 3.
-210022010020
Convert 113103112 (base 4) to base 14.
26ad8
-10010100001000111111 (base 2) to base 13
-183258
Convert -2133321 (base 5) to base 13.
-1392c
Convert 22100224 (base 5) to base 7.
1422642
-1205125 (base 7) to base 3
-21202221101
What is -10011101000100001010 (base 2) in base 10?
-643338
-101321212123 (base 4) to base 15
-62a504
-13334b (base 12) to base 8
-1152453
Convert -253422 (base 8) to base 15.
-1b051
2cba3 (base 16) to base 7
1362056
Convert 41045521 (base 6) to base 9.
2176764
-160421 (base 7) to base 13
-113c3
What is -32986 (base 10) in base 12?
-1710a
Convert 14162d (base 14) to base 3.
1022022222101
Convert -12233300 (base 4) to base 6.
-331532
-47283 (base 13) to base 16
-1fc14
What is -1020102100101 (base 3) in base 10?
-657811
Convert -34545444 (base 7) to base 10.
-3036807
Convert 5156370 (base 8) to base 14.
2783d6
Convert 40aa63 (base 11) to base 12.
2792b5
-420215315 (base 6) to base 2
-11011110101010101111111
Convert -3e8a3b (base 16) to base 14.
-789947
What is -5175ec (base 15) in base 8?
-16613330
What is 190510 (base 10) in base 7?
1422265
12034402 (base 5) to base 15
2321c
Convert 34448 (base 12) to base 4.
101001320
What is 2034131 (base 7) in base 12?
b9208
What is 303121210 (base 4) in base 13?
74a9a
What is 10213312 (base 5) in base 14?
23201
Convert 158023 (base 16) to base 3.
2122120212101
What is 4588aa (base 14) in base 11?
1377440
What is -2403d6 (base 14) in base 6?
-42210504
-55107 (base 10) to base 7
-316443
12a9 (base 16) to base 10
4777
What is 360500 (base 9) in base 6?
4352130
Convert 5402355 (base 7) to base 2.
10100000001111011010
Convert 4115535 (base 8) to base 6.
35154353
5514150 (base 6) to base 10
274386
Convert -111100111101011100001 (base 2) to base 10.
-1997537
What is -edc39 (base 16) in base 2?
-11101101110000111001
Convert -301111322322 (base 4) to base 6.
-1141123310
What is 103213033 (base 4) in base 11?
553a2
What is 222012100 (base 3) in base 8?
45232
What is -18d5b (base 15) in base 3?
-11002121112
-212126451 (base 7) to base 14
-1964498
28d621 (base 14) to base 9
2603604
Convert -65332 (base 16) to base 9.
-701541
What is 37957 (base 15) in base 9?
300561
What is 11233444410 (base 5) in base 2?
110000110100001110110111
810 (base 11) to base 6
4311
5300466 (base 7) to base 4
2123332332
-288660 (base 12) to base 15
-d5eac
What is -350464 (base 9) in base 8?
-632636
-4242 (base 6) to base 5
-12322
What is -1b30c6b (base 13) in base 14?
-12a365a
Convert 4303103 (base 5) to base 16.
11a56
What is 150064 (base 9) in base 12?
45234
2a5165 (base 11) to base 13
1384a1
What is b1223 (base 12) in base 6?
4533243
What is 5070648 (base 9) in base 3?
12002100201122
Convert -a6694a (base 13) to base 9.
-7302450
What is -11102021211 (base 3) in base 8?
-251662
Convert 1508 (base 15) to base 9.
6158
What is 3335310 (base 6) in base 15?
34d53
What is 13d1b (base 15) in base 3?
10020101022
What is -33614 (base 13) in base 8?
-266171
Convert 132422 (base 5) to base 12.
312a
Convert 3030230243 (base 5) to base 2.
10111010001101110111100
Convert 202020021 (base 4) to base 7.
1121352
Convert -3ed01 (base 15) to base 16.
-31543
What is -1010100000111101101100 (base 2) in base 13?
-756855
What is 130212101310 (base 4) in base 7?
120502422
-19422 (base 15) to base 9
-134345
Convert 363504 (base 7) to base 16.
10239
84616 (base 9) to base 13
1c5a5
Convert -1941936 (base 11) to base 15.
-44c6cd
What is 177339 (base 11) in base 3?
111212211202
What is 42135 (base 14) in base 7?
1232465
45114001 (base 6) to base 2
101001100110000010001
Convert -488472 (base 9) to base 4.
-1013333321
426251 (base 11) to base 4
2212130222
What is -73479 (base 16) in base 5?
-110102220
679702 (base 10) to base 3
1021112101011
-32203120302 (base 4) to base 8
-16433062
Convert 1eeec (base 15) to base 5.
11214442
Convert -21404341 (base 5) to base 8.
-551213
Convert 10155201 (base 8) to base 2.
1000001101101010000001
Convert 1650d8 (base 14) to base 5.
200012410
4313211 (base 5) to base 12
36257
What is 83349c (base 13) in base 10?
3063423
Convert -5004434 (base 6) to base 12.
-b371a
What is -64c41 (base 13) in base 3?
-100020222110
Convert -12022001330 (base 4) to base 14.
-300260
What is 16198a (base 11) in base 16?
3d617
-41880a9 (base 12) to base 6
-1121104333
What is -42050155 (base 6) in base 5?
-303011412
What is 114752 (base 10) in base 5?
12133002
What is -20221012222 (base 3) in base 9?
-227188
What is 3e053 (base 16) in base 12?
103017
Convert -101110101101010001111 (base 2) to base 6.
-52445411
7dd09 (base 15) to base 13
1107b4
-17321004 (base 8) to base 12
-1429598
229614 (base 11) to base 9
614410
-1b664a (base 15) to base 9
-2458247
Convert -e22a8 (base 16) to base 13.
-265869
-668c5 (base 13) to base 8
-553315
What is -1121664 (base 11) in base 7?
-22460003
4b7b9 (base 15) to base 9
407083
-53154 (base 16) to base 8
-1230524
-129579 (base 13) to base 10
-449133
-1010101111000100100 (base 2) to base 3
-122212112220
What is 2401434 (base 6) in base 8?
363576
606367 (base 10) to base 11
384633
Convert 2334147 (base 9) to base 15.
19e237
Convert 2421d (base 14) to base 12.
43083
Convert -572670 (base 9) to base 13.
-c0285
101101011010011110 (base 2) to base 15
3a1ae
Convert 132121102 (base 4) to base 15.
26d4d
-1046758 (base 10) to base 14
-1d3686
What is -13418810 (base 9) in base 13?
-14b0239
1a9b45 (base 12) to base 3
220001100122
What is a08351 (base 14) in base 16?
526913
What is -366507 (base 10) in base 2?
-1011001011110101011
What is -41423 (base 13) in base 4?
-130212122
Convert -3d491 (base 15) to base 13.
-6b755
-200057 (base 8) to base 12
-31b53
What is -103301303022 (base 4) in base 12?
-18a04b6
Convert 2061325 (base 9) to base 12.
45254b
24c4b (base 15) to base 16
1cb11
What is 20051552 (base 7) in base 2?
110010101001101000100
What is -41320 (base 10) in base 3?
-2002200101
Convert -4bddc5 (base 14) to base 2.
-1001111101110000101001
Convert -6b3a2 (base 12) to base 7.
-1136522
What is 5a7d7 (base 15) in base 14?
772a0
Convert 3522661 (base 10) to base 3.
20121222011221
Convert -98d530 (base 14) to base 6.
-303042010
What is -442310242 (base 5) in base 8?
-7236642
Convert 443a5 (base 13) to base 15.
2699e
-51de01 (base 15) to base 13
-a6486c
Convert -9717398 (base 10) to base 15.
-cbe368
-1001000111010 (base 2) to base 9
-6354
Convert 5a732 (base 12) to base 14.
3266a
Convert 221022010221 (base 4) to base 11.
60aa069
Convert 26a24 (base 13) to base 2.
10001100101011000
-1403758 (base 11) to base 4
-21032332330
What is 10000001101010001101000 (base 2) in base 9?
7885075
Convert 115040153 (base 6) to base 3.
11010200012120
Convert -98ab6 (base 13) to base 9.
-461212
Convert 12155425 (base 8) to base 12.
a915b1
857988 (base 10) to base 16
d1784
Convert -10100011001100110111 (base 2) to base 12.
-282a1b
What is 6221 (base 8) in base 15?
e47
Convert 10011010011011001 (base 2) to base